{"id":8,"date":"2017-08-30T13:47:34","date_gmt":"2017-08-30T10:47:34","guid":{"rendered":"http:\/\/misak.millidusunce.com\/?page_id=8"},"modified":"2021-05-23T15:55:47","modified_gmt":"2021-05-23T12:55:47","slug":"yazarlarimiz","status":"publish","type":"page","link":"https:\/\/millidusunce.com\/misak\/yazarlarimiz\/","title":{"rendered":"Yazarlar\u0131m\u0131z"},"content":{"rendered":"<ul class=\"authors-list row\"><li class=\"col-md-4\"><a href=\"https:\/\/millidusunce.com\/misak\/author\/aselimbabaoglu\/\">A. Selim Babao\u011flu<\/a><\/li><li class=\"col-md-4\"><a href=\"https:\/\/millidusunce.com\/misak\/author\/abdulkadirkara\/\">Abd\u00fclhalik Kara<\/a><\/li><li class=\"col-md-4\"><a href=\"https:\/\/millidusunce.com\/misak\/author\/abdullahagar\/\">Abdullah A\u011far<\/a><\/li><li class=\"col-md-4\"><a href=\"https:\/\/millidusunce.com\/misak\/author\/abdullahgundogdu\/\">Abdullah G\u00fcndo\u011fdu<\/a><\/li><li class=\"col-md-4\"><a href=\"https:\/\/millidusunce.com\/misak\/author\/abdullahtemizkan\/\">Abdullah Temizkan<\/a><\/li><li class=\"col-md-4\"><a href=\"https:\/\/millidusunce.com\/misak\/author\/afsarcelik\/\">Af\u015far \u00c7elik<\/a><\/li><li class=\"col-md-4\"><a href=\"https:\/\/millidusunce.com\/misak\/author\/bican\/\">Ahmet Bican Ercilasun<\/a><\/li><li class=\"col-md-4\"><a href=\"https:\/\/millidusunce.com\/misak\/author\/ahmetkanbur\/\">Ahmet Kanbur<\/a><\/li><li class=\"col-md-4\"><a href=\"https:\/\/millidusunce.com\/misak\/author\/ahmetzekibulunc\/\">Ahmet Zeki Bulun\u00e7<\/a><\/li><li class=\"col-md-4\"><a href=\"https:\/\/millidusunce.com\/misak\/author\/alidemirsoy\/\">Ali Demirsoy<\/a><\/li><li class=\"col-md-4\"><a href=\"https:\/\/millidusunce.com\/misak\/author\/alidogan\/\">Ali Do\u011fan<\/a><\/li><li class=\"col-md-4\"><a href=\"https:\/\/millidusunce.com\/misak\/author\/alihaydarkoray\/\">Ali Koray<\/a><\/li><li class=\"col-md-4\"><a href=\"https:\/\/millidusunce.com\/misak\/author\/ali-r\/\">Ali R\u0131za \u00d6zdemir<\/a><\/li><li class=\"col-md-4\"><a href=\"https:\/\/millidusunce.com\/misak\/author\/alican_turk\/\">Alican T\u00fcrk<\/a><\/li><li class=\"col-md-4\"><a href=\"https:\/\/millidusunce.com\/misak\/author\/alperenokur\/\">Alperen Okur<\/a><\/li><li class=\"col-md-4\"><a href=\"https:\/\/millidusunce.com\/misak\/author\/anaresedli\/\">Anar Esedli<\/a><\/li><li class=\"col-md-4\"><a href=\"https:\/\/millidusunce.com\/misak\/author\/arazcevadbeyli\/\">Araz Cevadbeyli<\/a><\/li><li class=\"col-md-4\"><a href=\"https:\/\/millidusunce.com\/misak\/author\/arifkeskin\/\">Arif Keskin<\/a><\/li><li class=\"col-md-4\"><a href=\"https:\/\/millidusunce.com\/misak\/author\/arslantekin\/\">Arslan Tekin<\/a><\/li><li class=\"col-md-4\"><a href=\"https:\/\/millidusunce.com\/misak\/author\/aslihankaya\/\">Asl\u0131han Kaya<\/a><\/li><li class=\"col-md-4\"><a href=\"https:\/\/millidusunce.com\/misak\/author\/ataberkdemir\/\">Ataberk Demir<\/a><\/li><li class=\"col-md-4\"><a href=\"https:\/\/millidusunce.com\/misak\/author\/ayferuzunirmak\/\">Ayfer Uzun\u0131rmak<\/a><\/li><li class=\"col-md-4\"><a href=\"https:\/\/millidusunce.com\/misak\/author\/ayhanmilci\/\">Ayhan Milci<\/a><\/li><li class=\"col-md-4\"><a href=\"https:\/\/millidusunce.com\/misak\/author\/ayseirmis\/\">Ay\u015fe \u0130rmi\u015f<\/a><\/li><li class=\"col-md-4\"><a href=\"https:\/\/millidusunce.com\/misak\/author\/azizbozatli\/\">Aziz Bozatl\u0131<\/a><\/li><li class=\"col-md-4\"><a href=\"https:\/\/millidusunce.com\/misak\/author\/muncuk\/\">B. T\u00fcmen Somuncuo\u011flu<\/a><\/li><li class=\"col-md-4\"><a href=\"https:\/\/millidusunce.com\/misak\/author\/baykalyoruklu\/\">Baykal Y\u00f6r\u00fckl\u00fc<\/a><\/li><li class=\"col-md-4\"><a href=\"https:\/\/millidusunce.com\/misak\/author\/berkantparlak\/\">Berkant Parlak<\/a><\/li><li class=\"col-md-4\"><a href=\"https:\/\/millidusunce.com\/misak\/author\/berkayozdemir\/\">Berkay \u00d6zdemir<\/a><\/li><li class=\"col-md-4\"><a href=\"https:\/\/millidusunce.com\/misak\/author\/bilgeercilasun\/\">Bilge Ercilasun<\/a><\/li><li class=\"col-md-4\"><a href=\"https:\/\/millidusunce.com\/misak\/author\/burakdemir\/\">Burak Demir<\/a><\/li><li class=\"col-md-4\"><a href=\"https:\/\/millidusunce.com\/misak\/author\/burakgokkaya\/\">Burak G\u00f6kkaya<\/a><\/li><li class=\"col-md-4\"><a href=\"https:\/\/millidusunce.com\/misak\/author\/ttk6858\/\">Bur\u00e7in \u00d6ner<\/a><\/li><li class=\"col-md-4\"><a href=\"https:\/\/millidusunce.com\/misak\/author\/burhanettinsenli\/\">Burhanettin \u015eenli<\/a><\/li><li class=\"col-md-4\"><a href=\"https:\/\/millidusunce.com\/misak\/author\/cagatayceylan\/\">\u00c7a\u011fatay Ceylan<\/a><\/li><li class=\"col-md-4\"><a href=\"https:\/\/millidusunce.com\/misak\/author\/caghansari\/\">\u00c7a\u011fhan Sar\u0131<\/a><\/li><li class=\"col-md-4\"><a href=\"https:\/\/millidusunce.com\/misak\/author\/cagriturkes\/\">\u00c7a\u011fr\u0131 T\u00fcrke\u015f<\/a><\/li><li class=\"col-md-4\"><a href=\"https:\/\/millidusunce.com\/misak\/author\/delikurt\/\">Celalettin Uray<\/a><\/li><li class=\"col-md-4\"><a href=\"https:\/\/millidusunce.com\/misak\/author\/taskiran\/\">Cemalettin Ta\u015fk\u0131ran<\/a><\/li><li class=\"col-md-4\"><a href=\"https:\/\/millidusunce.com\/misak\/author\/cenkkiray\/\">Cenk K\u0131ray<\/a><\/li><li class=\"col-md-4\"><a href=\"https:\/\/millidusunce.com\/misak\/author\/darrenbyler\/\">Darren Byler<\/a><\/li><li class=\"col-md-4\"><a href=\"https:\/\/millidusunce.com\/misak\/author\/denizbolukbasi\/\">Deniz B\u00f6l\u00fckba\u015f\u0131<\/a><\/li><li class=\"col-md-4\"><a href=\"https:\/\/millidusunce.com\/misak\/author\/denizbustani\/\">Deniz B\u00fcstani<\/a><\/li><li class=\"col-md-4\"><a href=\"https:\/\/millidusunce.com\/misak\/author\/dilanurpolat\/\">Dila Nur Polat<\/a><\/li><li class=\"col-md-4\"><a href=\"https:\/\/millidusunce.com\/misak\/author\/dogukanaltiparmak\/\">Do\u011fukan Alt\u0131parmak<\/a><\/li><li class=\"col-md-4\"><a href=\"https:\/\/millidusunce.com\/misak\/author\/dursunyildirim\/\">Dursun Y\u0131ld\u0131r\u0131m<\/a><\/li><li class=\"col-md-4\"><a href=\"https:\/\/millidusunce.com\/misak\/author\/elifkorsan\/\">Elif Korsan<\/a><\/li><li class=\"col-md-4\"><a href=\"https:\/\/millidusunce.com\/misak\/author\/elfyavas\/\">Elif Yava\u015f<\/a><\/li><li class=\"col-md-4\"><a href=\"https:\/\/millidusunce.com\/misak\/author\/ibrahimcav\/\">Ender Can<\/a><\/li><li class=\"col-md-4\"><a href=\"https:\/\/millidusunce.com\/misak\/author\/enginture\/\">Engin T\u00fcre<\/a><\/li><li class=\"col-md-4\"><a href=\"https:\/\/millidusunce.com\/misak\/author\/erayerturk\/\">Eray Ert\u00fcrk<\/a><\/li><li class=\"col-md-4\"><a href=\"https:\/\/millidusunce.com\/misak\/author\/erginkahveci\/\">Ergin Kahveci<\/a><\/li><li class=\"col-md-4\"><a href=\"https:\/\/millidusunce.com\/misak\/author\/eroltuncer\/\">Erol Tuncer<\/a><\/li><li class=\"col-md-4\"><a href=\"https:\/\/millidusunce.com\/misak\/author\/esracam\/\">Esra \u00c7am<\/a><\/li><li class=\"col-md-4\"><a href=\"https:\/\/millidusunce.com\/misak\/author\/eruhifigrali\/\">Ethem Ruhi F\u0131\u011flal\u0131<\/a><\/li><li class=\"col-md-4\"><a href=\"https:\/\/millidusunce.com\/misak\/author\/farukbilge\/\">Faruk Bilge<\/a><\/li><li class=\"col-md-4\"><a href=\"https:\/\/millidusunce.com\/misak\/author\/fatihergin\/\">Fatih Ergin<\/a><\/li><li class=\"col-md-4\"><a href=\"https:\/\/millidusunce.com\/misak\/author\/fatmazehraokurcerit\/\">Fatma Zehra Okur Cerit<\/a><\/li><li class=\"col-md-4\"><a href=\"https:\/\/millidusunce.com\/misak\/author\/feriduncelilov\/\">Feridun Celilov<\/a><\/li><li class=\"col-md-4\"><a href=\"https:\/\/millidusunce.com\/misak\/author\/ferruhbostanci\/\">Ferruh Bostanc\u0131<\/a><\/li><li class=\"col-md-4\"><a href=\"https:\/\/millidusunce.com\/misak\/author\/feyzullahbudak\/\">Feyzullah Budak<\/a><\/li><li class=\"col-md-4\"><a href=\"https:\/\/millidusunce.com\/misak\/author\/feyzullaheroglu\/\">Feyzullah Ero\u011flu<\/a><\/li><li class=\"col-md-4\"><a href=\"https:\/\/millidusunce.com\/misak\/author\/fulyatogtekin\/\">Fulya Toktekin Yi\u011fitt\u00fcrk<\/a><\/li><li class=\"col-md-4\"><a href=\"https:\/\/millidusunce.com\/misak\/author\/galipturkmen\/\">Galip T\u00fcrkmen<\/a><\/li><li class=\"col-md-4\"><a href=\"https:\/\/millidusunce.com\/misak\/author\/genebunin\/\">Gene A. Bunin<\/a><\/li><li class=\"col-md-4\"><a href=\"https:\/\/millidusunce.com\/misak\/author\/gokceuysal\/\">G\u00f6k\u00e7e Uysal<\/a><\/li><li class=\"col-md-4\"><a href=\"https:\/\/millidusunce.com\/misak\/author\/gozdekilicyasin\/\">G\u00f6zde K\u0131l\u0131\u00e7 Ya\u015f\u0131n<\/a><\/li><li class=\"col-md-4\"><a href=\"https:\/\/millidusunce.com\/misak\/author\/gurbuzmizrak\/\">G\u00fcrb\u00fcz M\u0131zrak<\/a><\/li><li class=\"col-md-4\"><a href=\"https:\/\/millidusunce.com\/misak\/author\/hacalinecefoglu\/\">Hacali Necefo\u011flu<\/a><\/li><li class=\"col-md-4\"><a href=\"https:\/\/millidusunce.com\/misak\/author\/hakanguler\/\">Hakan G\u00fcler<\/a><\/li><li class=\"col-md-4\"><a href=\"https:\/\/millidusunce.com\/misak\/author\/hakan-paksoy\/\">Hakan Paksoy<\/a><\/li><li class=\"col-md-4\"><a href=\"https:\/\/millidusunce.com\/misak\/author\/halilakinci\/\">Halil Ak\u0131nc\u0131<\/a><\/li><li class=\"col-md-4\"><a href=\"https:\/\/millidusunce.com\/misak\/author\/halilrifataydemir\/\">Halil R\u0131fat Aydemir<\/a><\/li><li class=\"col-md-4\"><a href=\"https:\/\/millidusunce.com\/misak\/author\/handearaz\/\">Hande Araz Tekin<\/a><\/li><li class=\"col-md-4\"><a href=\"https:\/\/millidusunce.com\/misak\/author\/hasanonat\/\">Hasan Onat<\/a><\/li><li class=\"col-md-4\"><a href=\"https:\/\/millidusunce.com\/misak\/author\/hasipsaygili\/\">Hasip Sayg\u0131l\u0131<\/a><\/li><li class=\"col-md-4\"><a href=\"https:\/\/millidusunce.com\/misak\/author\/htufekci\/\">Hayati T\u00fcfek\u00e7io\u011flu<\/a><\/li><li class=\"col-md-4\"><a href=\"https:\/\/millidusunce.com\/misak\/author\/haydarcakmak\/\">Haydar \u00c7akmak<\/a><\/li><li class=\"col-md-4\"><a href=\"https:\/\/millidusunce.com\/misak\/author\/hikmetozdemir\/\">Hikmet \u00d6zdemir<\/a><\/li><li class=\"col-md-4\"><a href=\"https:\/\/millidusunce.com\/misak\/author\/huseyinakyuz\/\">H\u00fcseyin Aky\u00fcz<\/a><\/li><li class=\"col-md-4\"><a href=\"https:\/\/millidusunce.com\/misak\/author\/huseyin-ozbek\/\">H\u00fcseyin \u00d6zbek<\/a><\/li><li class=\"col-md-4\"><a href=\"https:\/\/millidusunce.com\/misak\/author\/ibrahimdilek\/\">\u0130brahim Dilek<\/a><\/li><li class=\"col-md-4\"><a href=\"https:\/\/millidusunce.com\/misak\/author\/ibrahimmetin\/\">\u0130brahim Metin<\/a><\/li><li class=\"col-md-4\"><a href=\"https:\/\/millidusunce.com\/misak\/author\/ikbalvurucu\/\">\u0130kbal Vurucu<\/a><\/li><li class=\"col-md-4\"><a href=\"https:\/\/millidusunce.com\/misak\/author\/ilhamidurmus\/\">\u0130lhami Durmu\u015f<\/a><\/li><li class=\"col-md-4\"><a href=\"https:\/\/millidusunce.com\/misak\/author\/iskendero\/\">\u0130skender \u00d6ks\u00fcz<\/a><\/li><li class=\"col-md-4\"><a href=\"https:\/\/millidusunce.com\/misak\/author\/ismail-yakit\/\">\u0130smail Yak\u0131t<\/a><\/li><li class=\"col-md-4\"><a href=\"https:\/\/millidusunce.com\/misak\/author\/ismetcetin\/\">\u0130smet \u00c7etin<\/a><\/li><li class=\"col-md-4\"><a href=\"https:\/\/millidusunce.com\/misak\/author\/kadirkilic\/\">Kadir K\u0131l\u0131\u00e7<\/a><\/li><li class=\"col-md-4\"><a href=\"https:\/\/millidusunce.com\/misak\/author\/kamilengin\/\">K\u00e2mil Engin<\/a><\/li><li class=\"col-md-4\"><a href=\"https:\/\/millidusunce.com\/misak\/author\/kemalgozler\/\">Kemal G\u00f6zler<\/a><\/li><li class=\"col-md-4\"><a href=\"https:\/\/millidusunce.com\/misak\/author\/konuralp\/\">Konuralp Ercilasun<\/a><\/li><li class=\"col-md-4\"><a href=\"https:\/\/millidusunce.com\/misak\/author\/liathmcgorman\/\">Liath McGorman<\/a><\/li><li class=\"col-md-4\"><a href=\"https:\/\/millidusunce.com\/misak\/author\/bahadirhandincaslan\/\">M. Bahad\u0131rhan Din\u00e7aslan<\/a><\/li><li class=\"col-md-4\"><a href=\"https:\/\/millidusunce.com\/misak\/author\/mahirnakip\/\">Mahir Nakip<\/a><\/li><li class=\"col-md-4\"><a href=\"https:\/\/millidusunce.com\/misak\/author\/mahmuttezcan\/\">Mahmut Tezcan<\/a><\/li><li class=\"col-md-4\"><a href=\"https:\/\/millidusunce.com\/misak\/author\/mahsunatsiz\/\">Mahsun Ats\u0131z<\/a><\/li><li class=\"col-md-4\"><a href=\"https:\/\/millidusunce.com\/misak\/author\/mehmetalpsirin\/\">Mehmet Alp \u015eirin<\/a><\/li><li class=\"col-md-4\"><a href=\"https:\/\/millidusunce.com\/misak\/author\/leventkaya\/\">Mehmet Levent Kaya<\/a><\/li><li class=\"col-md-4\"><a href=\"https:\/\/millidusunce.com\/misak\/author\/mehmetonurkaradayi\/\">Mehmet Onur Karaday\u0131<\/a><\/li><li class=\"col-md-4\"><a href=\"https:\/\/millidusunce.com\/misak\/author\/melikeyilmaz\/\">Melike Y\u0131lmaz<\/a><\/li><li class=\"col-md-4\"><a href=\"https:\/\/millidusunce.com\/misak\/author\/mertcanabbasoglu\/\">Mertcan Abbaso\u011flu<\/a><\/li><li class=\"col-md-4\"><a href=\"https:\/\/millidusunce.com\/misak\/author\/meryemtekin\/\">Meryem Tekin \u015ei\u015fiko\u011flu<\/a><\/li><li class=\"col-md-4\"><a href=\"https:\/\/millidusunce.com\/misak\/author\/mesutharay\/\">Mesut Haray<\/a><\/li><li class=\"col-md-4\"><a href=\"https:\/\/millidusunce.com\/misak\/author\/mete\/\">Mete Korkmaz<\/a><\/li><li class=\"col-md-4\"><a href=\"https:\/\/millidusunce.com\/misak\/author\/metinsavas\/\">Metin Sava\u015f<\/a><\/li><li class=\"col-md-4\"><a href=\"https:\/\/millidusunce.com\/misak\/author\/mucahitkilic\/\">M\u00fccahit K\u0131l\u0131\u00e7<\/a><\/li><li class=\"col-md-4\"><a href=\"https:\/\/millidusunce.com\/misak\/author\/mumtazafsin\/\">M\u00fcmtaz Af\u015f\u0131n Esi<\/a><\/li><li class=\"col-md-4\"><a href=\"https:\/\/millidusunce.com\/misak\/author\/muratdalaman\/\">Murat Dalaman<\/a><\/li><li class=\"col-md-4\"><a href=\"https:\/\/millidusunce.com\/misak\/author\/murathuseyinbilgin\/\">Murat H\u00fcseyin Bilgin<\/a><\/li><li class=\"col-md-4\"><a href=\"https:\/\/millidusunce.com\/misak\/author\/muratyilmaz\/\">Murat Y\u0131lmaz.<\/a><\/li><li class=\"col-md-4\"><a href=\"https:\/\/millidusunce.com\/misak\/author\/mustafaimir\/\">Mustafa \u0130mir<\/a><\/li><li class=\"col-md-4\"><a href=\"https:\/\/millidusunce.com\/misak\/author\/mustafakafali\/\">Mustafa Kafal\u0131<\/a><\/li><li class=\"col-md-4\"><a href=\"https:\/\/millidusunce.com\/misak\/author\/mustafakorcak\/\">Mustafa Kor\u00e7ak<\/a><\/li><li class=\"col-md-4\"><a href=\"https:\/\/millidusunce.com\/misak\/author\/mlyener\/\">Mustafa Levent Yener<\/a><\/li><li class=\"col-md-4\"><a href=\"https:\/\/millidusunce.com\/misak\/author\/mustafaozdemir\/\">Mustafa \u00d6zdemir<\/a><\/li><li class=\"col-md-4\"><a href=\"https:\/\/millidusunce.com\/misak\/author\/namikkemal\/\">Nam\u0131k Kemal Bayar<\/a><\/li><li class=\"col-md-4\"><a href=\"https:\/\/millidusunce.com\/misak\/author\/nazilacavadbeyli\/\">Nazila Cavadbeyli<\/a><\/li><li class=\"col-md-4\"><a href=\"https:\/\/millidusunce.com\/misak\/author\/necdetcura\/\">Necdet Cura<\/a><\/li><li class=\"col-md-4\"><a href=\"https:\/\/millidusunce.com\/misak\/author\/necmeddinsefercioglu\/\">Necmeddin Sefercio\u011flu<\/a><\/li><li class=\"col-md-4\"><a href=\"https:\/\/millidusunce.com\/misak\/author\/nesibnesibli\/\">Nesib Nesibli<\/a><\/li><li class=\"col-md-4\"><a href=\"https:\/\/millidusunce.com\/misak\/author\/numangultekin\/\">Numan G\u00fcltekin<\/a><\/li><li class=\"col-md-4\"><a href=\"https:\/\/millidusunce.com\/misak\/author\/nuraydogan\/\">Nur Aydo\u011fan<\/a><\/li><li class=\"col-md-4\"><a href=\"https:\/\/millidusunce.com\/misak\/author\/nuraybilgili\/\">Nuray Bilgili<\/a><\/li><li class=\"col-md-4\"><a href=\"https:\/\/millidusunce.com\/misak\/author\/nusretalperen\/\">Nusret Alperen<\/a><\/li><li class=\"col-md-4\"><a href=\"https:\/\/millidusunce.com\/misak\/author\/nusretcam\/\">Nusret \u00c7am<\/a><\/li><li class=\"col-md-4\"><a href=\"https:\/\/millidusunce.com\/misak\/author\/okarakartal\/\">O\u011fuz Karakartal<\/a><\/li><li class=\"col-md-4\"><a href=\"https:\/\/millidusunce.com\/misak\/author\/omerdonderici\/\">\u00d6mer D\u00f6nderici<\/a><\/li><li class=\"col-md-4\"><a href=\"https:\/\/millidusunce.com\/misak\/author\/albay\/\">\u00d6mer L\u00fctfi Ta\u015f\u00e7\u0131o\u011flu<\/a><\/li><li class=\"col-md-4\"><a href=\"https:\/\/millidusunce.com\/misak\/author\/omurkizil\/\">\u00d6m\u00fcr K\u0131z\u0131l<\/a><\/li><li class=\"col-md-4\"><a href=\"https:\/\/millidusunce.com\/misak\/author\/onurtarlaci\/\">Onur Tarlac\u0131<\/a><\/li><li class=\"col-md-4\"><a href=\"https:\/\/millidusunce.com\/misak\/author\/ozgeyildiz\/\">\u00d6zge Y\u0131ld\u0131z<\/a><\/li><li class=\"col-md-4\"><a href=\"https:\/\/millidusunce.com\/misak\/author\/ozgurkasim\/\">\u00d6zg\u00fcr Kas\u0131m Aydemir<\/a><\/li><li class=\"col-md-4\"><a href=\"https:\/\/millidusunce.com\/misak\/author\/ozlemeker\/\">\u00d6zlem Eker<\/a><\/li><li class=\"col-md-4\"><a href=\"https:\/\/millidusunce.com\/misak\/author\/ozlemkurt\/\">\u00d6zlem Kurt<\/a><\/li><li class=\"col-md-4\"><a href=\"https:\/\/millidusunce.com\/misak\/author\/cavadbeyli\/\">Rahim Cavadbeyli<\/a><\/li><li class=\"col-md-4\"><a href=\"https:\/\/millidusunce.com\/misak\/author\/ramalijafarli\/\">Ramila Jafarli<\/a><\/li><li class=\"col-md-4\"><a href=\"https:\/\/millidusunce.com\/misak\/author\/rehacamuroglu\/\">Reha \u00c7amuro\u011flu<\/a><\/li><li class=\"col-md-4\"><a href=\"https:\/\/millidusunce.com\/misak\/author\/rozakurban\/\">Roza Kurban<\/a><\/li><li class=\"col-md-4\"><a href=\"https:\/\/millidusunce.com\/misak\/author\/sabahattinismail\/\">Sabahattin \u0130smail<\/a><\/li><li class=\"col-md-4\"><a href=\"https:\/\/millidusunce.com\/misak\/author\/sadi\/\">Sadi Somuncuo\u011flu<\/a><\/li><li class=\"col-md-4\"><a href=\"https:\/\/millidusunce.com\/misak\/author\/srkarluk\/\">Sad\u0131k R\u0131dvan Karluk<\/a><\/li><li class=\"col-md-4\"><a href=\"https:\/\/millidusunce.com\/misak\/author\/sadiyeokur\/\">\u015eadiye Okur<\/a><\/li><li class=\"col-md-4\"><a href=\"https:\/\/millidusunce.com\/misak\/author\/sahinakinci\/\">\u015eahin Ak\u0131nc\u0131<\/a><\/li><li class=\"col-md-4\"><a href=\"https:\/\/millidusunce.com\/misak\/author\/saityilmaz\/\">Sait Y\u0131lmaz<\/a><\/li><li class=\"col-md-4\"><a href=\"https:\/\/millidusunce.com\/misak\/author\/sametkalyoncu\/\">Samet Kalyoncu<\/a><\/li><li class=\"col-md-4\"><a href=\"https:\/\/millidusunce.com\/misak\/author\/sametozdemir\/\">Samet \u00d6zdemir<\/a><\/li><li class=\"col-md-4\"><a href=\"https:\/\/millidusunce.com\/misak\/author\/sehriyar\/\">\u015eehriyar Tahiro\u011flu<\/a><\/li><li class=\"col-md-4\"><a href=\"https:\/\/millidusunce.com\/misak\/author\/selcukalkin\/\">Sel\u00e7uk Alk\u0131n<\/a><\/li><li class=\"col-md-4\"><a href=\"https:\/\/millidusunce.com\/misak\/author\/selcukerenerol\/\">Sel\u00e7uk Erenerol<\/a><\/li><li class=\"col-md-4\"><a href=\"https:\/\/millidusunce.com\/misak\/author\/selinatmaca\/\">Selin Atmaca<\/a><\/li><li class=\"col-md-4\"><a href=\"https:\/\/millidusunce.com\/misak\/author\/semihbodur\/\">Semih Bodur<\/a><\/li><li class=\"col-md-4\"><a href=\"https:\/\/millidusunce.com\/misak\/author\/semihaburhanli\/\">Semiha Burhanl\u0131<\/a><\/li><li class=\"col-md-4\"><a href=\"https:\/\/millidusunce.com\/misak\/author\/sencerimer\/\">Sencer \u0130mer<\/a><\/li><li class=\"col-md-4\"><a href=\"https:\/\/millidusunce.com\/misak\/author\/serdaryilmaz\/\">Serdar Y\u0131lmaz<\/a><\/li><li class=\"col-md-4\"><a href=\"https:\/\/millidusunce.com\/misak\/author\/sonmezkutlu\/\">S\u00f6nmez Kutlu<\/a><\/li><li class=\"col-md-4\"><a href=\"https:\/\/millidusunce.com\/misak\/author\/suleymankarahan\/\">S\u00fcleyman Karahan<\/a><\/li><li class=\"col-md-4\"><a href=\"https:\/\/millidusunce.com\/misak\/author\/talatsalk\/\">Talat \u015ealk<\/a><\/li><li class=\"col-md-4\"><a href=\"https:\/\/millidusunce.com\/misak\/author\/terken\/\">Terken Hacalo\u011flu<\/a><\/li><li class=\"col-md-4\"><a href=\"https:\/\/millidusunce.com\/misak\/author\/tevfiksedat\/\">Tevfik Sedat<\/a><\/li><li class=\"col-md-4\"><a href=\"https:\/\/millidusunce.com\/misak\/author\/toredergisi\/\">T\u00f6re Dergisi<\/a><\/li><li class=\"col-md-4\"><a href=\"https:\/\/millidusunce.com\/misak\/author\/tugayulucevik\/\">Tugay Ulu\u00e7evik<\/a><\/li><li class=\"col-md-4\"><a href=\"https:\/\/millidusunce.com\/misak\/author\/tgulensoy\/\">Tuncer G\u00fclensoy<\/a><\/li><li class=\"col-md-4\"><a href=\"https:\/\/millidusunce.com\/misak\/author\/ugurutkan\/\">U\u011fur Utkan<\/a><\/li><li class=\"col-md-4\"><a href=\"https:\/\/millidusunce.com\/misak\/author\/ulkerimgekoca\/\">\u00dclker \u0130mge Koca<\/a><\/li><li class=\"col-md-4\"><a href=\"https:\/\/millidusunce.com\/misak\/author\/ulvikeser\/\">Ulvi Keser<\/a><\/li><li class=\"col-md-4\"><a href=\"https:\/\/millidusunce.com\/misak\/author\/umitdogan\/\">\u00dcmit Do\u011fan<\/a><\/li><li class=\"col-md-4\"><a href=\"https:\/\/millidusunce.com\/misak\/author\/umutberhansen\/\">Umut Berhan \u015een<\/a><\/li><li class=\"col-md-4\"><a href=\"https:\/\/millidusunce.com\/misak\/author\/umutkarabulut\/\">Umut Karabulut<\/a><\/li><li class=\"col-md-4\"><a href=\"https:\/\/millidusunce.com\/misak\/author\/umutunal\/\">Umut \u00dcnal<\/a><\/li><li class=\"col-md-4\"><a href=\"https:\/\/millidusunce.com\/misak\/author\/velikilic\/\">Veli K\u0131l\u0131\u00e7<\/a><\/li><li class=\"col-md-4\"><a href=\"https:\/\/millidusunce.com\/misak\/author\/velitas\/\">Veli Ta\u015f<\/a><\/li><li class=\"col-md-4\"><a href=\"https:\/\/millidusunce.com\/misak\/author\/yagmurozan\/\">Ya\u011fmur Ozan Ulu\u011ftekin<\/a><\/li><li class=\"col-md-4\"><a href=\"https:\/\/millidusunce.com\/misak\/author\/yagmurtunali\/\">Ya\u011fmur Tunal\u0131<\/a><\/li><li class=\"col-md-4\"><a href=\"https:\/\/millidusunce.com\/misak\/author\/yavuzselimkekec\/\">Yavuz Selim Keke\u00e7<\/a><\/li><li class=\"col-md-4\"><a href=\"https:\/\/millidusunce.com\/misak\/author\/yavuzunat\/\">Yavuz Unat<\/a><\/li><li class=\"col-md-4\"><a href=\"https:\/\/millidusunce.com\/misak\/author\/yelizsenyerli\/\">Yeliz \u015eenyerli<\/a><\/li><li class=\"col-md-4\"><a href=\"https:\/\/millidusunce.com\/misak\/author\/yilmazkuskay\/\">Y\u0131lmaz Ku\u015fkay<\/a><\/li><li class=\"col-md-4\"><a href=\"https:\/\/millidusunce.com\/misak\/author\/yumni\/\">Y\u00fcmni Sezen<\/a><\/li><li class=\"col-md-4\"><a href=\"https:\/\/millidusunce.com\/misak\/author\/yusifaliyev\/\">Yusif Aliyev<\/a><\/li><li class=\"col-md-4\"><a href=\"https:\/\/millidusunce.com\/misak\/author\/zafersimsek\/\">Zafer \u015eim\u015fek<\/a><\/li><li class=\"col-md-4\"><a href=\"https:\/\/millidusunce.com\/misak\/author\/gokcensuer\/\">Z\u00fcbeyde G\u00f6k\u00e7en S\u00fcer<\/a><\/li><\/ul>\n","protected":false},"excerpt":{"rendered":"","protected":false},"author":1,"featured_media":0,"parent":0,"menu_order":0,"comment_status":"closed","ping_status":"closed","template":"","meta":{"_links_to":"","_links_to_target":""},"yoast_head":"<!-- This site is optimized with the Yoast SEO plugin v16.0.2 - https:\/\/yoast.com\/wordpress\/plugins\/seo\/ -->\n<title>Yazarlar\u0131m\u0131z - M\u0130SAK- Mill\u00ee Strateji Ara\u015ft\u0131rma Kurulu<\/title>\n<link rel=\"canonical\" href=\"https:\/\/millidusunce.com\/misak\/yazarlarimiz\/\" \/>\n<meta property=\"og:locale\" content=\"tr_TR\" \/>\n<meta property=\"og:type\" content=\"article\" \/>\n<meta property=\"og:title\" content=\"Yazarlar\u0131m\u0131z - M\u0130SAK- Mill\u00ee Strateji Ara\u015ft\u0131rma Kurulu\" \/>\n<meta property=\"og:url\" content=\"https:\/\/millidusunce.com\/misak\/yazarlarimiz\/\" \/>\n<meta property=\"og:site_name\" content=\"M\u0130SAK- Mill\u00ee Strateji Ara\u015ft\u0131rma Kurulu\" \/>\n<meta property=\"article:modified_time\" content=\"2021-05-23T12:55:47+00:00\" \/>\n<meta name=\"twitter:card\" content=\"summary_large_image\" \/>\n<meta name=\"twitter:label1\" content=\"Tahmini okuma s\u00fcresi\">\n\t<meta name=\"twitter:data1\" content=\"1 dakika\">\n<script type=\"application\/ld+json\" class=\"yoast-schema-graph\">{\"@context\":\"https:\/\/schema.org\",\"@graph\":[{\"@type\":\"Organization\",\"@id\":\"https:\/\/millidusunce.com\/misak\/#organization\",\"name\":\"Mill\\u00ee D\\u00fc\\u015f\\u00fcnce Merkezi\",\"url\":\"https:\/\/millidusunce.com\/misak\/\",\"sameAs\":[],\"logo\":{\"@type\":\"ImageObject\",\"@id\":\"https:\/\/millidusunce.com\/misak\/#logo\",\"inLanguage\":\"tr\",\"url\":\"https:\/\/millidusunce.com\/misak\/wp-content\/uploads\/2018\/09\/mdmLogo-yazisiz.jpg\",\"width\":422,\"height\":422,\"caption\":\"Mill\\u00ee D\\u00fc\\u015f\\u00fcnce Merkezi\"},\"image\":{\"@id\":\"https:\/\/millidusunce.com\/misak\/#logo\"}},{\"@type\":\"WebSite\",\"@id\":\"https:\/\/millidusunce.com\/misak\/#website\",\"url\":\"https:\/\/millidusunce.com\/misak\/\",\"name\":\"M\\u0130SAK- Mill\\u00ee Strateji Ara\\u015ft\\u0131rma Kurulu\",\"description\":\"D\\u00fcnyaya T\\u00fcrk\\u00e7\\u00fc Bak\\u0131\\u015f\",\"publisher\":{\"@id\":\"https:\/\/millidusunce.com\/misak\/#organization\"},\"potentialAction\":[{\"@type\":\"SearchAction\",\"target\":\"https:\/\/millidusunce.com\/misak\/?s={search_term_string}\",\"query-input\":\"required name=search_term_string\"}],\"inLanguage\":\"tr\"},{\"@type\":\"WebPage\",\"@id\":\"https:\/\/millidusunce.com\/misak\/yazarlarimiz\/#webpage\",\"url\":\"https:\/\/millidusunce.com\/misak\/yazarlarimiz\/\",\"name\":\"Yazarlar\\u0131m\\u0131z - M\\u0130SAK- Mill\\u00ee Strateji Ara\\u015ft\\u0131rma Kurulu\",\"isPartOf\":{\"@id\":\"https:\/\/millidusunce.com\/misak\/#website\"},\"datePublished\":\"2017-08-30T10:47:34+00:00\",\"dateModified\":\"2021-05-23T12:55:47+00:00\",\"breadcrumb\":{\"@id\":\"https:\/\/millidusunce.com\/misak\/yazarlarimiz\/#breadcrumb\"},\"inLanguage\":\"tr\",\"potentialAction\":[{\"@type\":\"ReadAction\",\"target\":[\"https:\/\/millidusunce.com\/misak\/yazarlarimiz\/\"]}]},{\"@type\":\"BreadcrumbList\",\"@id\":\"https:\/\/millidusunce.com\/misak\/yazarlarimiz\/#breadcrumb\",\"itemListElement\":[{\"@type\":\"ListItem\",\"position\":1,\"item\":{\"@type\":\"WebPage\",\"@id\":\"https:\/\/millidusunce.com\/misak\/\",\"url\":\"https:\/\/millidusunce.com\/misak\/\",\"name\":\"Anasayfa\"}},{\"@type\":\"ListItem\",\"position\":2,\"item\":{\"@type\":\"WebPage\",\"@id\":\"https:\/\/millidusunce.com\/misak\/yazarlarimiz\/\",\"url\":\"https:\/\/millidusunce.com\/misak\/yazarlarimiz\/\",\"name\":\"Yazarlar\\u0131m\\u0131z\"}}]}]}<\/script>\n<!-- \/ Yoast SEO plugin. -->","_links":{"self":[{"href":"https:\/\/millidusunce.com\/misak\/wp-json\/wp\/v2\/pages\/8"}],"collection":[{"href":"https:\/\/millidusunce.com\/misak\/wp-json\/wp\/v2\/pages"}],"about":[{"href":"https:\/\/millidusunce.com\/misak\/wp-json\/wp\/v2\/types\/page"}],"author":[{"embeddable":true,"href":"https:\/\/millidusunce.com\/misak\/wp-json\/wp\/v2\/users\/1"}],"replies":[{"embeddable":true,"href":"https:\/\/millidusunce.com\/misak\/wp-json\/wp\/v2\/comments?post=8"}],"version-history":[{"count":1,"href":"https:\/\/millidusunce.com\/misak\/wp-json\/wp\/v2\/pages\/8\/revisions"}],"predecessor-version":[{"id":13298,"href":"https:\/\/millidusunce.com\/misak\/wp-json\/wp\/v2\/pages\/8\/revisions\/13298"}],"wp:attachment":[{"href":"https:\/\/millidusunce.com\/misak\/wp-json\/wp\/v2\/media?parent=8"}],"curies":[{"name":"wp","href":"https:\/\/api.w.org\/{rel}","templated":true}]}}